s the remainder when 22 is divided by m?
2
Suppose -7*q = -3*q - 24. Suppose -4*p + q*p = 10. Calculate the remainder when p is divided by 3.
2
Let m = -54 - -79. Let a = m - 15. Let w(i) = -6*i**3 - 3*i**2 - i. Calculate the remainder when w(-2) is divided by a.
8
Suppose 5*r + 20 = 3*l, -2*r + 6*r + 16 = 2*l. Suppose l*i - 12 = 4*i. What is the remainder when (-56)/i + (-4)/6 is divided by 10?
8
Suppose 0 = -5*t + 4*t + 22. Suppose 5*l - 13 - t = 0. What is the remainder when 20 is divided by l?
6
Let z = -97 + 175. Calculate the remainder when z is divided by 21.
15
Let c = -19 - -22. Calculate the remainder when (-78)/(-9) + (-1)/(-3) is divided by c.
0
What is the remainder when (3/(-4))/((-6)/1128) is divided by 36?
33
Suppose -2*g + 6 = g. Calculate the remainder when 48 is divided by g/4*2*17.
14
What is the remainder when 34 is divided by (-1183)/(-65) - 2/10?
16
Let l(n) = -n**3 + 13*n**2 - 9*n - 18. Calculate the remainder when -1 + 70 - (-3 - -2) is divided by l(12).
16
Let s(k) be the first derivative of -k**2/2 + 10*k - 2. What is the remainder when s(0) is divided by (-4)/(-4) + 1*5?
4
Suppose 6*f - f - 15 = 0. Suppose -4*q = -3*d + q + 196, 3*d - f*q - 186 = 0. Calculate the remainder when d is divided by 15.
12
Let d(h) = -h**3 - 7*h**2 - 2*h - 6. What is the remainder when 60 is divided by d(-7)?
4
Let u = 50 + -43. Calculate the remainder when 27 is divided by u.
6
Let h = -25 - -31. Let p(l) = 5*l - 9. What is the remainder when p(6) is divided by h?
3
What is the remainder when 15/(-5) - -4 - -18 is divided by 10?
9
Suppose 2*d - 5*v = 19, -5*d + 0*d + 5*v = -25. Suppose 5*c - 129 = 21. Calculate the remainder when c is divided by (d - 5) + (14 - -5).
14
Suppose 4*t + 29 = 3*w + 10, 5*t = -w. Suppose w*j = 0, -z - j = 2*z - 54. Let y = 35 - z. Calculate the remainder when y is divided by 6.
5
Let f be (-1 - (-1 + 1)) + 6. Let u(w) = w**2 + 7. Let y(c) = 2*c**2 + c + 14. Let z(l) = 7*u(l) - 3*y(l). What is the remainder when 32 is divided by z(f)?
15
Let w(h) = -h + 6. Calculate the remainder when 51 is divided by w(-7).
12
Suppose 0 = 7*h - 3*h - 16. Calculate the remainder when h is divided by 2.
0
Let f(h) = -h**2 + 6*h. Let w be f(6). Suppose w*k = 2*k - 2. What is the remainder when 7 is divided by 0 - k - 10/(-2)?
3
Let l = -33 - -63. Suppose -m + l = m. Calculate the remainder when m is divided by 8.
7
Let c be 9/2 - 1/(-2). Suppose -5*i + 11 = 2*t - 25, 3*t + 2*i - 54 = 0. What is the remainder when t/45 - (-63)/c is divided by 8?
5
What is the remainder when 62 is divided by 27 + -4 + (0 - 2)?
20
Let t = 11 + -23. Let p = 18 + t. What is the remainder when 16 is divided by p?
4
Suppose 0 = -2*u + 2*r + 22, -2 = 3*r + 4. Let d = u + -6. Suppose -2*w + 18 = -5*p - 1, -5 = -4*w - p. What is the remainder when d is divided by w?
1
Let h(u) = 19*u**2 - 2*u - 2. Let d be h(2). Suppose -8 = o + 4*y, -3*o = -8*o + 2*y + d. What is the remainder when 23 is divided by o?
11
Let f(k) = 2*k**3 + 12*k**2 - 2*k - 7. What is the remainder when f(-6) is divided by 5?
0
Let c = -1 + 3. Suppose 0*n = c*n - 14. Calculate the remainder when 12 is divided by n.
5
Let w = -5 - -7. Calculate the remainder when 1 is divided by ((-2)/2 - 0) + w.
0
Let o(p) = -p**3 - 10*p**2 - p - 8. Let d be o(-10). Let a = 8 - d. Calculate the remainder when 15 is divided by a.
3
Suppose -4*i = -6*i + u + 138, 5*u = -10. Suppose -5*n = 4*m - 92, 0 = 4*m + n + 3*n - 92. What is the remainder when i is divided by m?
22
Let s(w) = 2*w - 6. Let i be s(5). Calculate the remainder when 17 is divided by i/((-3)/((-27)/6)).
5
Let a be (-4)/18 - (-29)/9. Suppose -3*y + 24 = -a. Suppose 4*s + 0*s = -4*t + 76, 4*t - s - 66 = 0. What is the remainder when t is divided by y?
8
Let f = -5 - -10. Let h(w) = -7*w - 5. Let a be h(-6). Suppose -5*l = 5*p - 20, 4*p = 3*l + 7 + a. What is the remainder when p is divided by f?
3
Let h(s) = 1 + 10 - 6*s + s**2 + 0*s**2 + 0. What is the remainder when h(9) is divided by 13?
12
Let b(h) = h + 2. Suppose 27 = j + 2*n, 5*n = j - 7 + 1. Calculate the remainder when j is divided by b(4).
3
Let d = -74 - -125. Suppose 26 = -5*c + 7*c. Calculate the remainder when d is divided by c.
12
Let r = -24 - -41. Suppose 2*h = -h + 18. Suppose -u = -2*u + h. What is the remainder when r is divided by u?
5
Calculate the remainder when 37 is divided by (-43)/(-5) + 0 + (-3)/5.
5
Let l(b) = -b**2 + 4*b + 24. What is the remainder when l(0) is divided by 13?
11
What is the remainder when 46 is divided by 7/2*(-340)/(-119)?
6
Suppose -46 - 106 = -4*w. Calculate the remainder when 189 is divided by w.
37
Suppose -50 = -c - c. Calculate the remainder when c is divided by (1/(20/(-8)))/((-3)/105).
11
Suppose -3*i + h = -2 - 5, 4*h = -3*i + 32. Suppose -i*n - l + 3*l = -88, l = 4*n - 88. Calculate the remainder when 63 is divided by n.
19
Suppose -55 = -3*x + 17. Suppose -w = -3*t - 10, 0*w + 3*w - 44 = -5*t. Calculate the remainder when x is divided by w.
11
Let m be (3/4)/((-4)/(-336)). Suppose -m = -3*d - 0*d. What is the remainder when d is divided by 11?
10
Let x(h) = -6*h - 6. Calculate the remainder when 86 is divided by x(-6).
26
Let v(m) = -m**3 + 12*m**2 + 15*m - 1. Calculate the remainder when 73 is divided by v(13).
23
Let j = 18 + 12. Let v = j - 20. Calculate the remainder when 29 is divided by v.
9
Suppose 0 = 4*m + 11 + 61. Let q = -5 - m. Calculate the remainder when 38 is divided by q.
12
Let z = 4 + -2. Suppose 0 = a + z*y - 165, 3*a - 2*a - 175 = -4*y. Suppose -5*g + p = -160, 2*p = 3*g + 2*g - a. What is the remainder when g is divided by 12?
9
Suppose 2*o = -h + 22, -h - 4*o + 16 = -0*o. Calculate the remainder when 81 is divided by h.
25
Suppose 0*j + 21 = 3*j - 5*l, 2*j - l - 14 = 0. Let b be (-2)/3 - j/21. What is the remainder when 27 is divided by b/(-2) + (-27)/(-2)?
13
Let a = 54 + -30. What is the remainder when a is divided by 5?
4
Let u = -8 + -8. Let l be (u/(-12))/(1/3). Suppose h + 39 = l*h. Calculate the remainder when 38 is divided by h.
12
Let r be 15/(-12) + (-1)/(-4). Let t be 1/((r*3)/(-12)). Suppose 0 = 2*i - l - l - t, 3*i + 4*l - 6 = 0. Calculate the remainder when 4 is divided by i.
0
Let d = -92 - -102. Calculate the remainder when 37 is divided by d.
7
Let r = 30 + 7. Calculate the remainder when r is divided by 10.
7
Let u(q) = 9*q**3 + 2*q**2 - 2*q + 1. Suppose -5*f = -5*v + 20, -v + 5*v + 5*f + 11 = 0. What is the remainder when u(v) is divided by 4?
2
Let a = -10 - -19. Suppose 3*f = 5*f - 4. Suppose -50 + 16 = -f*x. Calculate the remainder when x is divided by a.
8
Let q be -1*((-8)/2 - 0). Let v be 3 - (-1 - (-2)/2). Suppose -q*y - 59 = -2*r - r, v*y + 23 = r. Calculate the remainder when r is divided by 10.
7
Let x = 86 - 77. What is the remainder when 79 is divided by x?
7
Let p(w) = 11*w**3 + 1. Suppose -4*v = 3*r - 139, 0 + 3 = 3*r. What is the remainder when v is divided by p(1)?
10
Let p(k) = 26*k**2 + 2*k. Let r(h) = -4*h**3 - 4*h**2 - 2*h + 2. Calculate the remainder when p(2) is divided by r(-2).
20
Let g(o) = -o**3 - 4*o**2 + o - 14. What is the remainder when 103 is divided by g(-6)?
51
Suppose 0 = -2*w - d + 21, 0*w + 6 = 2*w - 4*d. Suppose -4*n - 3*q + w = -n, 0 = -5*n - 4*q + 20. Calculate the remainder when 53 is divided by n.
5
Let x(j) = j**2 - 13*j + 16. Calculate the remainder when x(20) is divided by 54.
48
Let d(i) = i - 8. Calculate the remainder when -2*(0 + (-33)/6) is divided by d(12).
3
Let x = 90 + -64. Calculate the remainder when x is divided by 14.
12
Let l be 1*(-1 + (0 - -8)). Let i(h) = h**2 + h - 7. What is the remainder when i(l) is divided by 17?
15
Let o = -48 + 82. What is the remainder when o is divided by 18?
16
Suppose 0 = 5*r + 3*m + 153, 117 = -5*r - m - 34. Let d = -16 - r. Suppose -4*k + 77 = 5*l, 4*k + d = l + l. Calculate the remainder when l is divided by 7.
6
Let y = -1 + -2. What is the remainder when (-6)/(-4)*(-8)/y is divided by (-14)/(-4) + 2/(-4)?
1
Let j(x) = 5*x - 6. What is the remainder when j(3) is divided by 6?
3
Suppose -10*m + 48 = -6*m. What is the remainder when 45 is divided by m?
9
Let q(i) = i**3 - 2*i**2 + 3*i. Suppose 2*c - 2*j + 12 + 0 = 0, 0 = -3*c - 3*j. Let g be 2/c + (-40)/(-15). What is the remainder when 16 is divided b